9cc?
-1679c9
In base 4, what is 20200222 + 23131?
20230013
In base 2, what is -1110101010101110 + -110101010010?
-1111100000000000
In base 6, what is 311510 + 1054?
313004
In base 13, what is 1545654 + 4?
1545658
In base 15, what is -1 + 19e13ea?
19e13e9
In base 6, what is -5 - -1022400253?
1022400244
In base 14, what is -1570c + -aaa?
-163b8
In base 8, what is 747462 + -426?
747034
In base 14, what is 1baa43 - 2?
1baa41
In base 4, what is -12002312302 - 202?
-12002313110
In base 2, what is -11 - 111100100111010011110010111?
-111100100111010011110011010
In base 14, what is -3 + 16bcd78?
16bcd75
In base 13, what is 2 + -888044?
-888042
In base 3, what is -100112002112 - 2022?
-100112011211
In base 13, what is 56 + 101381?
101407
In base 15, what is 6b0d + 3e?
6b4c
In base 15, what is -113c + -25bdd?
-26d2a
In base 14, what is 7 + 39613?
3961a
In base 6, what is -113003234554 + 2?
-113003234552
In base 10, what is -17396075 + 3?
-17396072
In base 7, what is 154 - -546045?
546232
In base 6, what is -120 + 2505500?
2505340
In base 4, what is 103100313201 - -11?
103100313212
In base 11, what is -10 - -28841?
28831
In base 16, what is 6c9a1 + -12?
6c98f
In base 13, what is -642 - -64305?
63993
In base 11, what is -896 - 12144?
-12a2a
In base 5, what is 141043324 - 13?
141043311
In base 5, what is 134423 - -21423?
211401
In base 5, what is 11 + -2301303334?
-2301303323
In base 10, what is -396800 - -108?
-396692
In base 7, what is -11155323244 + 0?
-11155323244
In base 8, what is 23 + 3576471?
3576514
In base 10, what is -884 - -18506?
17622
In base 14, what is -4 - 18a2935?
-18a2939
In base 15, what is -5 + 2199e60?
2199e5a
In base 2, what is -11001110011110101011000001 + 101?
-11001110011110101010111100
In base 15, what is -a82 + cbda?
c158
In base 12, what is -494a65 - 124?
-494b89
In base 9, what is -107854 + 242?
-107612
In base 3, what is 2022222012 - -1000002111?
10100001200
In base 5, what is -10022100 + 2310?
-10014240
In base 13, what is 6262a0 + b?
6262ab
In base 5, what is 2300214 - 2014?
2243200
In base 4, what is 220 - -1213003112?
1213003332
In base 7, what is -2230635 + -42?
-2231010
In base 12, what is 1 + -121194?
-121193
In base 13, what is -10 - 15727cc8?
-15728008
In base 3, what is 10 + 21102112112210102?
21102112112210112
In base 3, what is -1020 + -202021220212010?
-202021220220100
In base 8, what is 233705526 + -1?
233705525
In base 2, what is -10001110 + 1001001000110?
1000110111000
In base 2, what is -100100111010111001000 - 10101?
-100100111010111011101
In base 13, what is 7a66 - -29b?
8034
In base 16, what is 125 - 10241?
-1011c
In base 6, what is -1 - -44130145345?
44130145344
In base 14, what is 1a9a71410 - 3?
1a9a7140b
In base 10, what is -183844 - -190?
-183654
In base 5, what is -2331 + 314011?
311130
In base 4, what is -21000002 - -12332?
-20321010
In base 12, what is 251aa66 - 0?
251aa66
In base 12, what is 4 - -3a2199?
3a21a1
In base 6, what is 4010025 - -251?
4010320
In base 3, what is -12101021122221 + -2?
-12101021200000
In base 12, what is -1319ab - -119?
-131892
In base 8, what is 1201 - -22354?
23555
In base 6, what is 223 + -32201434?
-32201211
In base 11, what is 6 - -1125a76?
1125a81
In base 3, what is -102102102 + 1001222?
-101100110
In base 15, what is ae6a731 - -2?
ae6a733
In base 13, what is 655a0 + 385?
65955
In base 16, what is -214611 + 5?
-21460c
In base 14, what is 1a - -52d75?
52d91
In base 8, what is -1 - -24141223?
24141222
In base 16, what is 78dd3d + -12?
78dd2b
In base 16, what is -ef042a9 - 0?
-ef042a9
In base 7, what is -13 - -2564044?
2564031
In base 3, what is 2 + -1102212021100020?
-1102212021100011
In base 9, what is 11730660 + -1?
11730658
In base 15, what is a541c7 + a?
a541d2
In base 7, what is -133 + 4435036?
4434603
In base 5, what is 33114 - -12040223?
12123342
In base 8, what is 14747 + -5132?
7615
In base 15, what is -230 + -22135?
-22365
In base 11, what is -4098305 + 5?
-4098300
In base 15, what is 10c - -17228?
17335
In base 6, what is -4 - -1432223245?
1432223241
In base 6, what is 22333343 - 0?
22333343
In base 14, what is 985086 + -71?
985015
In base 16, what is 653 + 6a6e?
70c1
In base 15, what is 4 - -557a?
557e
In base 16, what is -3ce2 + -77f?
-4461
In base 2, what is 1110000110011010100100 - 111001?
1110000110011001101011
In base 11, what is -1003 - -4445?
3442
In base 11, what is -22 - -1373943?
1373921
In base 15, what is 4 + -bb2207?
-bb2203
In base 7, what is 1 + -62403424?
-62403423
In base 14, what is -2a0 - 141b0?
-14470
In base 12, what is -11 + 53637?
53626
In base 6, what is 0 - 433540424?
-433540424
In base 13, what is -3 - 5639417?
-563941a
In base 9, what is -520 - -17842?
17322
In base 4, what is 230223321232 - 1?
230223321231
In base 3, what is -12112220201201011 - -21?
-12112220201200220
In base 13, what is b42a7ba + 4?
b42a7c1
In base 8, what is 2717 + -116167?
-113250
In base 2, what is 1110110001001 + 100000010111010110?
100010001101011111
In base 4, what is 13 - 3200222212211?
-3200222212132
In base 2, what is 1000 - 11011101010111111100110?
-11011101010111111011110
In base 6, what is -111 - -1303321434?
1303321323
In base 3, what is -221001102 - -221020?
-220010012
In base 5, what is -3001002 + -1220?
-3002222
In base 8, what is 134372 + 55375?
211767
In base 6, what is -4532151 - 3?
-4532154
In base 8, what is -24135421 + 4?
-24135415
In base 9, what is 150 - 455762?
-455612
In base 16, what is -394ec + -16?
-39502
In base 7, what is 3154611245 - -1?
3154611246
In base 14, what is 3ba9c + -116?
3b986
In base 2, what is -1 + -1101001111101101111010?
-1101001111101101111011
In base 4, what is 32032123120 + -102?
32032123012
In base 5, what is -43024 + 32324?
-10200
In base 4, what is 310321010113 + 1?
310321010120
In base 7, what is -3 + 162250263?
162250260
In base 15, what is 9 - -534a84?
534a8d
In base 12, what is 2339 + 4547?
6884
In base 11, what is 31a4971 + -2?
31a496a
In base 9, what is -486460 + -1?
-486461
In base 13, what is -2883944 + 3?
-2883941
In base 11, what is 625a3 + 417?
62a0a
In base 15, what is 1a6617 - -193?
1a67aa
In base 6, what is -5 + 1210422301?
1210422252
In base 6, what is -410 + 523201?
522351
In base 4, what is -2 - 3120330331111?
-3120330331113
In base 3, what is -22 - 2012202220121122?
-2012202220121221
In base 6, what is 104134 - -5334?
113512
In base 9, what is 5 + 63878080?
63878085
In base 7, what is 5 - 141004344?
-141004336
In base 2, what is 101000100001011 + 1100001001?
101010000010100
In base 2, what is 1010110 + -1101101000000011?
-1101100110101101
In base 7, what is 30 - 24105222?
-24105162
In base 8, what is 53433 + -113743?
-40310
In base 16, what is -4a38a5e - 3?
-4a38a61
In base 9, what is 17031227 + -5?
17031222
In base 13, what is -6 - 103870b?
-1038714
In base 8, what is -10023354 + 16?
-10023336
In base 6, what is 203 + -11350312?
-11350105
In base 3, what is -222 + -2000201101100122?
-2000201101101121
In base 5, what is 33 + -3141431013?
-3141430430
In base 11, what is 27a8 + -2a1?
2507
In base 2, what is -110010111011111 + 111100?
-110010110100011
In base 8, what is 243710 + -340?
243350
In base 8, what is -5 - 112170762?
-112170767
In base 6, what is 1543051424 + -32?
1543051352
In base 15, what is 1 + 7895c3?
7895c4
In base 15, what is -1 - -3e9c63?
3e9c62
In base 14, what is d + -8bac8?
-8bab9
In base 11, what is 1a53 + -40249?
-392a6
In base 7, what is 23454 - -4613?
31400
In base 7, what is 231 + -1250006?
-1246445
In base 9, what is 24666 + -1232?
23434
In base 15, what is -9a - -1eded?
1ed53
In base 11, what is 424 - -2059?
2482
In base 9, what is 2524 + -1846?
567
In base 9, what is 6 + -77431684?
-77431677
In base 6, what is 323351202 + 35?
323351241
In base 15, what is -121 + -2db7a?
-2dc9b
In base 8, what is 1156 + -665640?
-664462
In base 7, what is 3 + 3242303046?
3242303052
In base 14, what is 33b4caa + 0?
33b4caa
In base 13, what is 1c + c6803?
c6822
In base 15, what is b1b - -5364a?
54266
In base 11, what is 5 + a6524108?
a6524112
In base 7, what is -34001004 - -236?
-34000435
In base 11, what is 1380 - 31322?
-2aa52
In base 2, what is -110100011100 - 10000000011111?
-10110100111011
In base 15, what is 15b4bd3 - -5?
15b4bd8
In base 6, what is -11532435 - -1?
-11532434
In 